
What is the remainder when 42851781 is divided by 19?
17
What is the remainder when 17061628 is divided by 150?
28
What is the remainder when 1656036 is divided by 574?
46
Calculate the remainder when 373440 is divided by 123390.
3270
What is the remainder when 17349402 is divided by 16?
10
Calculate the remainder when 721779 is divided by 302.
301
What is the remainder when 1372253438 is divided by 32?
30
What is the remainder when 148197460 is divided by 21?
19
Calculate the remainder when 14101342 is divided by 385.
332
Calculate the remainder when 3231615 is divided by 78817.
118
Calculate the remainder when 198207 is divided by 2832.
2799
Calculate the remainder when 179122 is divided by 1480.
42
Calculate the remainder when 1604349 is divided by 6.
3
Calculate the remainder when 7379615 is divided by 12.
11
What is the remainder when 807202 is divided by 18771?
49
Calculate the remainder when 923316 is divided by 5431.
46
Calculate the remainder when 615548 is divided by 16.
12
What is the remainder when 537244 is divided by 3276?
3256
What is the remainder when 162670 is divided by 483?
382
What is the remainder when 12237981 is divided by 470691?
15
What is the remainder when 5415345 is divided by 132081?
24
What is the remainder when 50999368 is divided by 10?
8
Calculate the remainder when 1467399 is divided by 725.
724
Calculate the remainder when 6064672 is divided by 2021555.
7
Calculate the remainder when 376453 is divided by 2786.
343
What is the remainder when 159700 is divided by 18222?
13924
What is the remainder when 59184584 is divided by 11?
8
Calculate the remainder when 3807254 is divided by 96.
86
What is the remainder when 1355936 is divided by 12428?
1284
What is the remainder when 791423717 is divided by 1388?
1385
Calculate the remainder when 76448 is divided by 4773.
80
What is the remainder when 92237 is divided by 5760?
77
What is the remainder when 4536109 is divided by 428?
165
What is the remainder when 2258597 is divided by 1482?
29
Calculate the remainder when 15198 is divided by 1229.
450
Calculate the remainder when 1664413107 is divided by 171.
168
What is the remainder when 25166801 is divided by 5513?
5469
Calculate the remainder when 723354 is divided by 2774.
2114
What is the remainder when 78016 is divided by 1224?
904
Calculate the remainder when 61387 is divided by 12253.
122
What is the remainder when 22834710 is divided by 36?
18
What is the remainder when 1446413 is divided by 361579?
97
Calculate the remainder when 1843662 is divided by 230456.
14
Calculate the remainder when 5701549 is divided by 9933.
7
What is the remainder when 847055 is divided by 282299?
158
What is the remainder when 603280 is divided by 2958?
2806
Calculate the remainder when 17373674 is divided by 9063.
8966
Calculate the remainder when 463351 is divided by 526.
471
What is the remainder when 51681637 is divided by 7?
0
Calculate the remainder when 947563 is divided by 48.
43
What is the remainder when 30108422 is divided by 75?
47
Calculate the remainder when 3501090 is divided by 197.
6
What is the remainder when 223458135 is divided by 88?
87
Calculate the remainder when 50295 is divided by 2584.
1199
Calculate the remainder when 2564504 is divided by 2454.
74
What is the remainder when 231437 is divided by 21?
17
What is the remainder when 12719 is divided by 4233?
20
Calculate the remainder when 1064330 is divided by 399.
197
Calculate the remainder when 949764 is divided by 5650.
564
Calculate the remainder when 24676 is divided by 3897.
1294
What is the remainder when 1136070 is divided by 245?
5
What is the remainder when 62557 is divided by 3978?
2887
What is the remainder when 1266301 is divided by 316566?
37
Calculate the remainder when 736972 is divided by 368156.
660
Calculate the remainder when 492034 is divided by 49199.
44
Calculate the remainder when 9950 is divided by 3292.
74
Calculate the remainder when 24998 is divided by 3316.
1786
What is the remainder when 1667111 is divided by 11740?
31
What is the remainder when 2239055 is divided by 559758?
23
Calculate the remainder when 43975819 is divided by 2379.
4
What is the remainder when 102834768 is divided by 1107?
3
Calculate the remainder when 1487719 is divided by 2255.
1674
Calculate the remainder when 115103 is divided by 3831.
173
What is the remainder when 34258854 is divided by 1513?
1508
What is the remainder when 3143814 is divided by 84?
30
Calculate the remainder when 478915 is divided by 93.
58
Calculate the remainder when 271522 is divided by 90430.
232
What is the remainder when 2491336 is divided by 1264?
1256
Calculate the remainder when 49611655 is divided by 326.
323
What is the remainder when 600062083 is divided by 2205?
2203
What is the remainder when 146534 is divided by 72893?
748
What is the remainder when 150319 is divided by 455?
169
Calculate the remainder when 32758 is divided by 3690.
3238
Calculate the remainder when 690093 is divided by 4286.
47
What is the remainder when 792086 is divided by 34?
22
What is the remainder when 2357694 is divided by 9?
0
What is the remainder when 301967 is divided by 3216?
2879
Calculate the remainder when 1397982 is divided by 707.
243
What is the remainder when 32311 is divided by 3356?
2107
Calculate the remainder when 2300609 is divided by 49.
10
Calculate the remainder when 288046 is divided by 1096.
894
What is the remainder when 27602202 is divided by 725?
2
Calculate the remainder when 1017219 is divided by 339037.
108
Calculate the remainder when 10086350 is divided by 38645.
5
Calculate the remainder when 511461 is divided by 181.
136
Calculate the remainder when 3431153 is divided by 540.
533
Calculate the remainder when 137607 is divided by 45568.
903
Calculate the remainder when 55164 is divided by 18364.
72
Calculate the remainder when 18604199 is divided by 334.
65
Calculate the remainder when 5629934 is divided by 625548.
2
What is the remainder when 13213 is divided by 13097?
116
Calculate the remainder when 675340 is divided by 75.
40
What is the remainder when 843664 is divided by 190?
64
What is the remainder when 48917293 is divided by 2436?
2413
What is the remainder when 17293043 is divided by 11?
9
Calculate the remainder when 643715 is divided by 616.
611
What is the remainder when 16243186 is divided by 561?
553
Calculate the remainder when 10801184 is divided by 120013.
14
What is the remainder when 48936 is divided by 12128?
424
What is the remainder when 5224173 is divided by 348?
345
Calculate the remainder when 828177 is divided by 43587.
24
Calculate the remainder when 9445 is divided by 9306.
139
Calculate the remainder when 106701 is divided by 146.
121
What is the remainder when 11100114 is divided by 1366?
1364
Calculate the remainder when 1608495 is divided by 146.
13
What is the remainder when 734146 is divided by 705?
241
What is the remainder when 5992 is divided by 284?
28
What is the remainder when 24462 is divided by 6612?
4626
What is the remainder when 11794 is divided by 11401?
393
Calculate the remainder when 820841968 is divided by 26.
24
What is the remainder when 108718 is divided by 4348?
18
Calculate the remainder when 89053 is divided by 12618.
727
What is the remainder when 24857 is divided by 10717?
3423
Calculate the remainder when 1089321 is divided by 217856.
41
Calculate the remainder when 308791 is divided by 3623.
836
Calculate the remainder when 15921443 is divided by 84.
83
Calculate the remainder when 1036033 is divided by 146.
17
What is the remainder when 12935935 is divided by 84?
19
Calculate the remainder when 1313746 is divided by 3293.
3132
Calculate the remainder when 20126635 is divided by 5162.
5159
What is the remainder when 1791534 is divided by 447?
405
What is the remainder when 4742 is divided by 60?
2
Calculate the remainder when 121553 is divided by 29767.
2485
Calculate the remainder when 462142 is divided by 16505.
2
Calculate the remainder when 3153550 is divided by 150157.
253
Calculate the remainder when 1138678 is divided by 851.
40
Calculate the remainder when 7250356 is divided by 11.
3
Calculate the remainder when 6262447 is divided by 86.
13
What is the remainder when 635383 is divided by 4